mmon factor of 5 and 44150165?
5
What is the greatest common divisor of 13453007 and 38?
19
Calculate the greatest common factor of 182 and 4213664.
182
Calculate the greatest common factor of 1574 and 1707110819.
787
Calculate the highest common factor of 96998 and 284042.
22
What is the greatest common factor of 54656973 and 252?
63
What is the greatest common divisor of 22593683 and 14?
7
Calculate the highest common divisor of 15878 and 9637012.
934
Calculate the greatest common factor of 32752 and 151904.
16
What is the highest common factor of 18526 and 5706322?
314
Calculate the greatest common divisor of 338774 and 54014.
226
Calculate the highest common divisor of 899 and 48712953.
29
What is the greatest common divisor of 736744 and 682024?
152
What is the greatest common divisor of 13120 and 193682688?
2624
Calculate the highest common factor of 75615720 and 16560.
2760
Calculate the highest common factor of 47752 and 6378448.
1016
Calculate the greatest common factor of 528 and 167607792.
528
Calculate the highest common factor of 6825 and 8967777.
273
Calculate the highest common divisor of 4289126 and 85942.
886
Calculate the highest common divisor of 100452069 and 114.
57
Calculate the greatest common divisor of 1041 and 28457817.
1041
What is the highest common factor of 1076 and 456293940?
1076
Calculate the greatest common factor of 18526 and 144019.
59
What is the greatest common divisor of 151152 and 1410?
282
What is the highest common divisor of 198100 and 371000?
700
What is the highest common divisor of 1267110 and 2028?
78
What is the greatest common factor of 46 and 5131967?
23
Calculate the greatest common divisor of 695 and 68723824.
139
Calculate the highest common divisor of 43232 and 45472.
224
Calculate the highest common divisor of 406352 and 54936.
872
Calculate the greatest common factor of 3636 and 10906182.
1818
What is the highest common divisor of 15488464 and 249?
83
Calculate the highest common factor of 104295186 and 54.
18
Calculate the greatest common factor of 357943404 and 1218.
1218
What is the highest common divisor of 2609943 and 26677?
259
Calculate the highest common divisor of 591352018 and 2348.
1174
What is the highest common divisor of 15 and 48630005?
5
What is the highest common factor of 26837112 and 1432?
1432
What is the greatest common factor of 690391 and 299?
299
Calculate the highest common divisor of 198662328 and 228.
228
What is the highest common divisor of 140 and 2857988?
28
Calculate the greatest common divisor of 22775913 and 1139.
67
What is the highest common factor of 67520 and 845?
5
What is the greatest common divisor of 3322 and 50217013?
1661
Calculate the greatest common factor of 96 and 16888332.
12
What is the greatest common divisor of 9251975 and 7725?
2575
Calculate the greatest common factor of 3526 and 597657.
1763
Calculate the highest common divisor of 43381 and 285337.
611
What is the highest common divisor of 19842021 and 279?
9
Calculate the highest common divisor of 72 and 63255429.
9
Calculate the highest common factor of 24954 and 3903.
3
What is the greatest common divisor of 217 and 473071997?
31
What is the highest common divisor of 5158923 and 31717?
161
Calculate the highest common divisor of 1447859 and 10719.
397
Calculate the greatest common divisor of 650 and 905645.
65
What is the highest common divisor of 6200 and 8910175?
775
What is the highest common divisor of 1202 and 63942794?
1202
What is the greatest common factor of 310387 and 5539?
29
Calculate the highest common divisor of 47097580 and 3420.
380
What is the greatest common factor of 989 and 1290009073?
989
Calculate the highest common divisor of 22043 and 35042273.
469
What is the greatest common divisor of 176 and 16644562?
22
What is the greatest common factor of 850 and 18233775?
425
Calculate the highest common divisor of 2767 and 4864386.
2767
What is the greatest common factor of 276786 and 48?
6
What is the greatest common factor of 23952 and 64352?
16
Calculate the greatest common factor of 4778776 and 3858.
1286
Calculate the highest common factor of 64351325 and 21608.
2701
Calculate the highest common divisor of 1089 and 4830562.
121
Calculate the highest common factor of 522 and 5309478.
18
What is the greatest common factor of 2865856 and 1792?
448
Calculate the highest common factor of 828 and 14371452.
36
Calculate the greatest common divisor of 76314 and 358344.
3318
What is the greatest common divisor of 14198136 and 12?
12
What is the greatest common divisor of 37327730 and 915?
305
Calculate the greatest common factor of 178710616 and 112.
56
What is the greatest common divisor of 63 and 123193?
7
Calculate the greatest common factor of 13990678 and 78.
26
Calculate the greatest common divisor of 176904 and 654.
6
What is the highest common divisor of 29533 and 57007128?
4219
What is the highest common divisor of 214928 and 6792856?
5656
What is the highest common factor of 201684 and 150996?
12
What is the highest common divisor of 542667 and 7314?
159
What is the highest common factor of 20071932 and 1212?
1212
Calculate the highest common factor of 12 and 102569916.
12
Calculate the highest common factor of 6305968 and 3248.
16
What is the highest common divisor of 14601 and 18116073?
471
What is the highest common factor of 1249871 and 1015?
203
What is the greatest common divisor of 24431094 and 90?
18
Calculate the greatest common factor of 636835010 and 14.
14
What is the highest common factor of 17038788 and 780?
156
What is the highest common divisor of 24496794 and 1106?
1106
Calculate the greatest common factor of 15672690 and 55.
55
What is the greatest common divisor of 104 and 1006421?
13
Calculate the greatest common divisor of 37400182 and 6168.
514
Calculate the highest common divisor of 6001 and 756449.
17
What is the highest common divisor of 52843401 and 351?
351
Calculate the greatest common factor of 4856700 and 800.
100
What is the greatest common factor of 8957 and 2231215571?
8957
What is the highest common divisor of 297 and 2590839?
27
Calculate the highest common divisor of 383670 and 272020.
2030
Calculate the greatest common divisor of 9174186 and 9450.
126
What is the highest common divisor of 605868036 and 2796?
2796
Calculate the greatest common divisor of 24150 and 13426917.
483
Calculate the greatest common factor of 21673200 and 2560.
80
Calculate the greatest common factor of 16 and 2039095712.
16
Calculate the highest common divisor of 46633509 and 7722.
351
What is the greatest common divisor of 68793 and 1062531?
69
Calculate the greatest common divisor of 42204 and 93.
3
Calculate the greatest common factor of 7769751 and 66.
33
What is the highest common factor of 265051831 and 37?
37
Calculate the greatest common divisor of 9248532 and 1000152.
5748
What is the highest common divisor of 276262 and 6?
2
Calculate the greatest common factor of 657 and 177621.
3
What is the highest common factor of 973352 and 4216?
136
What is the highest common factor of 498536055 and 45?
45
Calculate the greatest common factor of 564 and 927028.
188
What is the greatest common factor of 3761416 and 1240?
248
Calculate the highest common factor of 108958 and 9022.
694
Calculate the greatest common divisor of 13262 and 28139.
19
Calculate the greatest common divisor of 3769971 and 609.
87
Calculate the greatest common divisor of 1028864 and 11132630.
8038
Calculate the highest common divisor of 253430 and 1000.
10
What is the greatest common factor of 2735818 and 1510?
302
Calculate the greatest common divisor of 131651 and 1252632.
779
What is the greatest common factor of 121968 and 108612?
252
Calculate the greatest common divisor of 720 and 1360760.
40
Calculate the greatest common factor of 3787 and 2389.
1
Calculate the greatest common divisor of 202581 and 1646451.
549
Calculate the highest common factor of 385 and 317415.
35
What is the highest common factor of 20 and 2695450040?
20
What is the highest common divisor of 308 and 83929252?
44
Calculate the greatest common divisor of 2398 and 74863162.
2398
What is the greatest common divisor of 5706 and 1529842?
634
What is the highest common divisor of 264367 and 357?
17
Calc